{"id":16732,"date":"2022-12-07T16:07:51","date_gmt":"2022-12-07T15:07:51","guid":{"rendered":"http:\/\/sdhjevicko.cz\/?page_id=16732"},"modified":"2024-02-21T15:17:44","modified_gmt":"2024-02-21T14:17:44","slug":"vypalovani-travy-versus-paleni-zahradniho-odpadu","status":"publish","type":"page","link":"https:\/\/sdhjevicko.cz\/?page_id=16732","title":{"rendered":"Vypalov\u00e1n\u00ed tr\u00e1vy versus p\u00e1len\u00ed zahradn\u00edho odpadu"},"content":{"rendered":"\n<p class=\"has-medium-font-size\">Plo\u0161n\u00e9 vypalov\u00e1n\u00ed tr\u00e1vy a porost\u016f je zak\u00e1z\u00e1no hned t\u0159emi z\u00e1kony \u010cesk\u00e9 republiky, p\u0159esto si tato \u010dinnost ka\u017edoro\u010dn\u011b vy\u017e\u00e1d\u00e1 n\u011bkolik lidsk\u00fdch \u017eivot\u016f, zejm\u00e9na star\u0161\u00edch osob. P\u00e1len\u00ed p\u0159\u00edrodn\u00edch materi\u00e1l\u016f po \u00faklidu zahrad prov\u00e1d\u011bt lze, ale za dodr\u017een\u00ed v\u00edcero podm\u00ednek.&nbsp;<\/p>\n\n\n\n<p class=\"has-medium-font-size\">Zahradn\u00ed sez\u00f3na obvykle za\u010d\u00edn\u00e1 jarn\u00edm \u00faklidem pozemku. N\u011bkte\u0159\u00ed zahr\u00e1dk\u00e1\u0159i k&nbsp;odstra\u0148ov\u00e1n\u00ed star\u00e9 tr\u00e1vy pou\u017e\u00edvaj\u00ed plo\u0161n\u00e9 vypalov\u00e1n\u00ed. Leckde dokonce p\u0159etrv\u00e1v\u00e1 n\u00e1zor, \u017ee popel je prosp\u011b\u0161n\u00fd pro lep\u0161\u00ed r\u016fst nov\u00e9ho tr\u00e1vn\u00edku. Jen v&nbsp;roce 2022 p\u0159i t\u00e9to \u010dinnosti bylo zp\u016fsobeno 2648 po\u017e\u00e1r\u016f, zem\u0159eli 3 lid\u00e9 a 89 osob se zranilo. V\u00fd\u0161e \u0161kod zp\u016fsoben\u00fdch t\u011bmito po\u017e\u00e1ry se vy\u0161plhala k&nbsp;\u010d\u00e1stce t\u00e9m\u011b\u0159 50,2 milion\u016f korun. A a\u010dkoliv na n\u011bkter\u00fdch m\u00edstech \u010cesk\u00e9 republiky zat\u00edm je\u0161t\u011b le\u017e\u00ed sn\u011bhov\u00e1 pokr\u00fdvka, tak hasi\u010di eviduj\u00ed prvn\u00ed v\u00fdjezdy k&nbsp;\u00famysln\u011b zalo\u017een\u00fdm po\u017e\u00e1r\u016fm travn\u00edch porost\u016f ji\u017e nyn\u00ed.<\/p>\n\n\n\n<p class=\"has-medium-font-size\"><strong>Z\u00e1kony plo\u0161n\u00e9 vypalov\u00e1n\u00ed porost\u016f zakazuj\u00ed<\/strong><br>Vypalov\u00e1n\u00ed tr\u00e1vy je v&nbsp;\u010cesk\u00e9 republice&nbsp;<strong>zak\u00e1z\u00e1no hned t\u0159emi z\u00e1kony<\/strong>: z\u00e1konem o&nbsp;po\u017e\u00e1rn\u00ed ochran\u011b, z\u00e1konem o&nbsp;ochran\u011b p\u0159\u00edrody a krajiny a z\u00e1konem o&nbsp;myslivosti ve zn\u011bn\u00ed pozd\u011bj\u0161\u00edch p\u0159edpis\u016f.<\/p>\n\n\n\n<p class=\"has-medium-font-size\"><br><strong>P\u00e1len\u00ed p\u0159\u00edrodn\u00edch materi\u00e1l\u016f po \u00faklidu zahrad je mo\u017en\u00e9<br><\/strong>Kontrolovan\u00e9 spalov\u00e1n\u00ed p\u0159\u00edrodn\u00edch materi\u00e1l\u016f po \u00faklidu zahrad<strong>&nbsp;mohou prov\u00e1d\u011bt fyzick\u00e9 osoby&nbsp;<\/strong>za podm\u00ednek stanoven\u00fdch dot\u010den\u00fdmi z\u00e1kony (z\u00e1kon o po\u017e\u00e1rn\u00ed ochran\u011b, z\u00e1kon o ovzdu\u0161\u00ed, z\u00e1kon o les\u00edch, z\u00e1kon o odpadech a dal\u0161\u00ed) a za podm\u00ednek stanov\u00fdch vyhl\u00e1\u0161kami obc\u00ed a to na p\u0159im\u011b\u0159en\u011b velik\u00fdch hromad\u00e1ch za p\u0159\u00edtomnosti dosp\u011bl\u00e9 osoby a s&nbsp;p\u0159ipraven\u00fdmi prost\u0159edky k&nbsp;mo\u017en\u00e9mu ha\u0161en\u00ed. V obc\u00edch mohou platit obecn\u00ed vyhl\u00e1\u0161ky o spalov\u00e1n\u00ed zahradn\u00edho odpadu, kde jsou ur\u010deny tzv. p\u00e1l\u00edc\u00ed dny a za jak\u00fdch podm\u00ednek lze spalov\u00e1n\u00ed tohoto odpadu prov\u00e1d\u011bt.<\/p>\n\n\n\n<p class=\"has-medium-font-size\"><strong>Pr\u00e1vnick\u00e9 a podnikaj\u00edc\u00ed fyzick\u00e9 osoby&nbsp;<\/strong>jsou povinny pl\u00e1novan\u00e9 spalov\u00e1n\u00ed p\u0159\u00edrodn\u00edch materi\u00e1l\u016f p\u0159edem ozn\u00e1mit \u00fazemn\u011b p\u0159\u00edslu\u0161n\u00e9mu HZS kraje v\u010detn\u011b p\u0159ipraven\u00fdch opat\u0159en\u00ed proti vzniku a \u0161\u00ed\u0159en\u00ed po\u017e\u00e1ru. HZS kraje m\u016f\u017ee ur\u010dit dal\u0161\u00ed podm\u00ednky t\u00e9to \u010dinnosti nebo \u010dinnost zcela zak\u00e1zat. Za poru\u0161en\u00ed t\u00e9to ohla\u0161ovac\u00ed povinnosti m\u016f\u017ee b\u00fdt t\u011bmto osob\u00e1m ulo\u017eena&nbsp;<strong>pokuta op\u011bt a\u017e do v\u00fd\u0161e&nbsp;500 000 K\u010d<\/strong>.<\/p>\n\n\n\n<p class=\"has-medium-font-size\"><strong>Hl\u00e1\u0161en\u00ed p\u00e1len\u00ed m\u00edstn\u011b p\u0159\u00edslu\u0161n\u00fdm HZS kraj\u016f:<\/strong><\/p>\n\n\n\n<p class=\"has-medium-font-size\">\u2022 Prov\u00e1d\u00ed se elektronicky emailem nebo p\u0159es formul\u00e1\u0159 na webov\u00fdch str\u00e1nk\u00e1ch HZS kraje nebo na ur\u010den\u00fdch telefonn\u00edch \u010d\u00edslech KOPIS HZS kraje. <\/p>\n\n\n\n<div class=\"wp-block-buttons is-layout-flex wp-block-buttons-is-layout-flex\">\n<div class=\"wp-block-button is-style-fill\" id=\"https:\/\/www.paleni.izscr.cz\/\"><a class=\"wp-block-button__link wp-element-button\" href=\"http:\/\/paleni.izscr.cz\" target=\"_blank\" rel=\"noreferrer noopener\">www.paleni.izscr.cz<\/a><\/div>\n<\/div>\n\n\n\n<figure class=\"wp-block-image size-full is-resized\"><a href=\"https:\/\/sdhjevicko.cz\/wp-content\/uploads\/2022\/12\/image.png\"><img fetchpriority=\"high\" decoding=\"async\" width=\"618\" height=\"617\" src=\"https:\/\/sdhjevicko.cz\/wp-content\/uploads\/2022\/12\/image.png\" alt=\"\" class=\"wp-image-16733\" style=\"width:170px;height:170px\" srcset=\"https:\/\/sdhjevicko.cz\/wp-content\/uploads\/2022\/12\/image.png 618w, https:\/\/sdhjevicko.cz\/wp-content\/uploads\/2022\/12\/image-300x300.png 300w, https:\/\/sdhjevicko.cz\/wp-content\/uploads\/2022\/12\/image-150x150.png 150w\" sizes=\"(max-width: 618px) 100vw, 618px\" \/><\/a><figcaption class=\"wp-element-caption\"><strong><mark style=\"background-color:rgba(0, 0, 0, 0)\" class=\"has-inline-color has-luminous-vivid-amber-color\">QR k\u00f3d pro nahl\u00e1\u0161en\u00ed p\u00e1len\u00ed<\/mark><\/strong><\/figcaption><\/figure>\n\n\n\n<p class=\"has-medium-font-size\">\u2022 <strong>Nikdy se neprov\u00e1d\u00ed na telefonn\u00edch \u010d\u00edslech t\u00eds\u0148ov\u00fdch linek 112 nebo 150. Nahl\u00e1\u0161en\u00edm p\u00e1len\u00ed se p\u0159edejde zbyte\u010dn\u00e9mu v\u00fdjezdu jednotek hasi\u010d\u016f!<\/strong><\/p>\n\n\n\n<p class=\"has-medium-font-size\"><strong>Pravidla pro p\u00e1len\u00ed biologick\u00e9ho materi\u00e1lu:<\/strong><\/p>\n\n\n\n<p class=\"has-medium-font-size\">\u2022 velikost hromady klest\u00ed je nutno volit tak, aby sho\u0159ela v dob\u011b, kdy je na m\u00edst\u011b p\u0159\u00edtomen dozor,<\/p>\n\n\n\n<p class=\"has-medium-font-size\">\u2022 p\u0159i n\u00e1hl\u00e9m zhor\u0161en\u00ed po\u010das\u00ed nebo siln\u00e9m v\u011btru je p\u00e1len\u00ed nutn\u00e9 ihned p\u0159eru\u0161it a ohe\u0148 uhasit,&nbsp;<\/p>\n\n\n\n<p class=\"has-medium-font-size\">\u2022 m\u00edsto pro p\u00e1len\u00ed se izoluje pruhem \u0161irok\u00fdm nejm\u00e9n\u011b 1 m, kde budou odstran\u011bny ho\u0159lav\u00e9 materi\u00e1ly a\u017e na miner\u00e1ln\u00ed p\u016fdu (zeminu),<\/p>\n\n\n\n<p class=\"has-medium-font-size\">\u2022 m\u00edsto spalov\u00e1n\u00ed se zabezpe\u010d\u00ed dostate\u010dn\u00fdm mno\u017estv\u00edm hasebn\u00edch l\u00e1tek,<\/p>\n\n\n\n<p class=\"has-medium-font-size\">\u2022 m\u00edsto p\u00e1len\u00ed lze opustit a\u017e po \u00fapln\u00e9m uha\u0161en\u00ed ohn\u011b,<\/p>\n\n\n\n<p class=\"has-medium-font-size\">\u2022 po dobu 5 dn\u016f nebo do vydatn\u00e9ho de\u0161t\u011b je nutno m\u00edsto p\u00e1len\u00ed pravideln\u011b kontrolovat,<\/p>\n\n\n\n<p class=\"has-medium-font-size\">\u2022 p\u0159\u00edjezdov\u00e9 cesty vedouc\u00ed k m\u00edst\u016fm spalov\u00e1n\u00ed nesm\u00ed b\u00fdt zataraseny,<\/p>\n\n\n\n<p class=\"has-medium-font-size\">\u2022 spalovat klest lze pouze v bezpe\u010dn\u00e9 vzd\u00e1lenosti od obytn\u00fdch nebo hospod\u00e1\u0159sk\u00fdch objekt\u016f,<\/p>\n\n\n\n<p class=\"has-medium-font-size\">\u2022 osoba mlad\u0161\u00ed 15 let nem\u016f\u017ee odpad spalovat bez p\u0159\u00edtomnosti osoby star\u0161\u00ed 18 let, kter\u00e1 je spalov\u00e1n\u00edm pov\u011b\u0159ena.<\/p>\n","protected":false},"excerpt":{"rendered":"<p>Plo\u0161n\u00e9 vypalov\u00e1n\u00ed tr\u00e1vy a porost\u016f je zak\u00e1z\u00e1no hned t\u0159emi z\u00e1kony \u010cesk\u00e9 republiky, p\u0159esto si tato \u010dinnost ka\u017edoro\u010dn\u011b vy\u017e\u00e1d\u00e1 n\u011bkolik lidsk\u00fdch \u017eivot\u016f, zejm\u00e9na star\u0161\u00edch osob. P\u00e1len\u00ed p\u0159\u00edrodn\u00edch materi\u00e1l\u016f po \u00faklidu zahrad prov\u00e1d\u011bt lze, ale za dodr\u017een\u00ed v\u00edcero podm\u00ednek.&nbsp; Zahradn\u00ed sez\u00f3na obvykle za\u010d\u00edn\u00e1 jarn\u00edm \u00faklidem pozemku. N\u011bkte\u0159\u00ed zahr\u00e1dk\u00e1\u0159i k&nbsp;odstra\u0148ov\u00e1n\u00ed star\u00e9 tr\u00e1vy pou\u017e\u00edvaj\u00ed plo\u0161n\u00e9 vypalov\u00e1n\u00ed. Leckde dokonce p\u0159etrv\u00e1v\u00e1 [&hellip;]<\/p>\n","protected":false},"author":3,"featured_media":0,"parent":16743,"menu_order":0,"comment_status":"open","ping_status":"closed","template":"","meta":{"ngg_post_thumbnail":0,"footnotes":""},"class_list":["post-16732","page","type-page","status-publish","hentry"],"_links":{"self":[{"href":"https:\/\/sdhjevicko.cz\/index.php?rest_route=\/wp\/v2\/pages\/16732","targetHints":{"allow":["GET"]}}],"collection":[{"href":"https:\/\/sdhjevicko.cz\/index.php?rest_route=\/wp\/v2\/pages"}],"about":[{"href":"https:\/\/sdhjevicko.cz\/index.php?rest_route=\/wp\/v2\/types\/page"}],"author":[{"embeddable":true,"href":"https:\/\/sdhjevicko.cz\/index.php?rest_route=\/wp\/v2\/users\/3"}],"replies":[{"embeddable":true,"href":"https:\/\/sdhjevicko.cz\/index.php?rest_route=%2Fwp%2Fv2%2Fcomments&post=16732"}],"version-history":[{"count":17,"href":"https:\/\/sdhjevicko.cz\/index.php?rest_route=\/wp\/v2\/pages\/16732\/revisions"}],"predecessor-version":[{"id":22118,"href":"https:\/\/sdhjevicko.cz\/index.php?rest_route=\/wp\/v2\/pages\/16732\/revisions\/22118"}],"up":[{"embeddable":true,"href":"https:\/\/sdhjevicko.cz\/index.php?rest_route=\/wp\/v2\/pages\/16743"}],"wp:attachment":[{"href":"https:\/\/sdhjevicko.cz\/index.php?rest_route=%2Fwp%2Fv2%2Fmedia&parent=16732"}],"curies":[{"name":"wp","href":"https:\/\/api.w.org\/{rel}","templated":true}]}}