{"id":21880,"date":"2023-12-04T16:43:25","date_gmt":"2023-12-04T15:43:25","guid":{"rendered":"https:\/\/sdhjevicko.cz\/?page_id=21880"},"modified":"2024-02-21T15:08:41","modified_gmt":"2024-02-21T14:08:41","slug":"silny-vitr-a-snezeni-je-na-silnici-nebezpecna-kombinace","status":"publish","type":"page","link":"https:\/\/sdhjevicko.cz\/?page_id=21880","title":{"rendered":"Siln\u00fd v\u00edtr a sn\u011b\u017een\u00ed je na silnici nebezpe\u010dn\u00e1 kombinace"},"content":{"rendered":"\n<p>V zimn\u00edm obdob\u00ed je kombinace siln\u00e9ho v\u011btru a sn\u011b\u017een\u00ed s rizikem tvorby sn\u011bhov\u00fdch jazyk\u016f a z\u00e1v\u011bj\u00ed velmi nebezpe\u010dn\u00e1 kombinace. Nepodce\u0148ujte p\u0159edpov\u00eddanou situaci a nep\u0159ece\u0148ujte vlastn\u00ed s\u00edly, schopnosti a mo\u017enosti.&nbsp;<\/p>\n\n\n\n<p><strong>Siln\u00fd v\u00edtr a sn\u011b\u017een\u00ed je na silnici nebezpe\u010dn\u00e1 kombinace<\/strong><\/p>\n\n\n\n<p>Meteorologov\u00e9 n\u00e1s ka\u017edoro\u010dn\u011b v&nbsp;zimn\u00edm obdob\u00ed varuj\u00ed p\u0159ed kombinac\u00ed siln\u00e9ho v\u011btru a sn\u011b\u017een\u00ed s rizikem tvorby sn\u011bhov\u00fdch jazyk\u016f a z\u00e1v\u011bj\u00ed. Za t\u00e9to situace je d\u016fle\u017eit\u00e9, aby se na nep\u0159\u00edzniv\u00e9 podm\u00ednky p\u0159ipravili zejm\u00e9na motorist\u00e9. Za tohoto po\u010das\u00ed je t\u0159eba b\u00fdt maxim\u00e1ln\u011b opatrn\u00fd a ve vlastn\u00edm z\u00e1jmu respektovat t\u011bchto n\u011bkolik z\u00e1kladn\u00edch doporu\u010den\u00ed.<\/p>\n\n\n\n<p>Na port\u00e1lu jednotn\u00e9ho syst\u00e9mu dopravn\u00edch informac\u00ed&nbsp;<a href=\"http:\/\/www.jsdi.cz\/\">www.jsdi.cz<\/a>&nbsp;je mo\u017en\u00e9 p\u0159ed j\u00edzdou zjistit, zda je zvolen\u00e1 trasa j\u00edzdy pr\u016fjezdn\u00e1 a vozovka sj\u00edzdn\u00e1.&nbsp;D\u00e1le je p\u0159ed j\u00edzdou t\u0159eba zkontrolovat vybaven\u00ed sv\u00e9ho vozidla a p\u0159\u00edpadn\u011b doplnit v\u0161e pot\u0159ebn\u00e9 pro provoz v&nbsp;n\u00e1ro\u010dn\u00fdch pov\u011btrnostn\u00edch podm\u00ednk\u00e1ch. Za situace p\u0159edpov\u00eddan\u00e9ho siln\u00e9ho sn\u011b\u017een\u00ed a v\u011btru z\u00e1chran\u00e1\u0159i na z\u00e1klad\u011b vlastn\u00edch zku\u0161enost\u00ed&nbsp;<strong>doporu\u010duj\u00ed v\u0161em motorist\u016fm m\u00edt ve vozidle<\/strong>:<\/p>\n\n\n\n<ul class=\"wp-block-list\">\n<li><mark style=\"background-color:rgba(0, 0, 0, 0)\" class=\"has-inline-color has-luminous-vivid-amber-color\">dostatek pohonn\u00fdch hmot (plnou n\u00e1dr\u017e),<\/mark><\/li>\n\n\n\n<li><mark style=\"background-color:rgba(0, 0, 0, 0)\" class=\"has-inline-color has-luminous-vivid-amber-color\">pro p\u0159\u00edpad nouze p\u0159ipravenu minim\u00e1ln\u00ed z\u00e1sobu pit\u00ed a potravin, p\u0159\u00edpadn\u011b nezbytn\u00e9 l\u00e9ky,<\/mark><\/li>\n\n\n\n<li><mark style=\"background-color:rgba(0, 0, 0, 0)\" class=\"has-inline-color has-luminous-vivid-amber-color\">tepl\u00fd od\u011bv, p\u0159\u00edpadn\u011b deku,<\/mark><\/li>\n\n\n\n<li><mark style=\"background-color:rgba(0, 0, 0, 0)\" class=\"has-inline-color has-luminous-vivid-amber-color\">zimn\u00ed pneumatiky na v\u0161ech kolech,<\/mark><\/li>\n\n\n\n<li><mark style=\"background-color:rgba(0, 0, 0, 0)\" class=\"has-inline-color has-luminous-vivid-amber-color\">m\u00edt funk\u010dn\u00ed a nabit\u00fd mobiln\u00ed telefon v\u010detn\u011b autonab\u00edje\u010dky,<\/mark><\/li>\n\n\n\n<li><mark style=\"background-color:rgba(0, 0, 0, 0)\" class=\"has-inline-color has-luminous-vivid-amber-color\">p\u0159i j\u00edzd\u011b do hor se vybavit sn\u011bhov\u00fdmi \u0159et\u011bzy, hod\u00ed se tak\u00e9 vle\u010dn\u00e9 lano, smet\u00e1\u010dek na sn\u00edh, lopatka a baterka.<\/mark><\/li>\n<\/ul>\n\n\n\n<p>\u0158idi\u010di by m\u011bli&nbsp;<strong>d\u016fsledn\u011b respektovat pokyny z\u00e1chran\u00e1\u0159\u016f<\/strong>,&nbsp;<strong>jezdit s maxim\u00e1ln\u00ed opatrnost\u00ed&nbsp;<\/strong>a&nbsp;rychlost a styl j\u00edzdy p\u0159izp\u016fsobit pov\u011btrnostn\u00edm podm\u00ednk\u00e1m a stavu komunikace! V\u011btrn\u00e9 poryvy mohou auto u\u010dinit obt\u00ed\u017en\u011b ovladateln\u00e9 a hroz\u00ed tak\u00e9 zv\u00fd\u0161en\u00e9 nebezpe\u010dn\u00ed st\u0159etu s p\u0159ek\u00e1\u017ekou na silnici. Za takov\u00fdchto pov\u011btrnostn\u00edch podm\u00ednek nen\u00ed vhodn\u00e9 parkovat vozidlo pod stromy nebo v&nbsp;jejich bl\u00edzkosti, pozor tak\u00e9 na sloupy elektrick\u00e9ho veden\u00ed.&nbsp;<\/p>\n\n\n\n<p>P\u0159i j\u00edzd\u011b poslechem rozhlasov\u00fdch stanic&nbsp;<strong>sledujte v\u00fdvoj dopravn\u00ed situace<\/strong>&nbsp;a sj\u00edzdnost jednotliv\u00fdch komunikac\u00ed.<\/p>\n\n\n\n<p>Nepodce\u0148ujte p\u0159edpov\u00eddanou situaci a nep\u0159ece\u0148ujte vlastn\u00ed s\u00edly, schopnosti a mo\u017enosti. Pokud se ocitnete v&nbsp;nouzi, sna\u017ete se zachovat klid a&nbsp;<strong>volejte hasi\u010de<\/strong>&nbsp;na linku t\u00eds\u0148ov\u00e9ho vol\u00e1n\u00ed 112 nebo 150.&nbsp;<\/p>\n\n\n\n<figure class=\"wp-block-image size-full is-resized\"><a href=\"https:\/\/sdhjevicko.cz\/wp-content\/uploads\/2023\/12\/image.jpg\"><img fetchpriority=\"high\" decoding=\"async\" width=\"506\" height=\"284\" src=\"https:\/\/sdhjevicko.cz\/wp-content\/uploads\/2023\/12\/image.jpg\" alt=\"\" class=\"wp-image-21881\" style=\"aspect-ratio:1.7816901408450705;width:843px;height:auto\" srcset=\"https:\/\/sdhjevicko.cz\/wp-content\/uploads\/2023\/12\/image.jpg 506w, https:\/\/sdhjevicko.cz\/wp-content\/uploads\/2023\/12\/image-300x168.jpg 300w\" sizes=\"(max-width: 506px) 100vw, 506px\" \/><\/a><\/figure>\n","protected":false},"excerpt":{"rendered":"<p>V zimn\u00edm obdob\u00ed je kombinace siln\u00e9ho v\u011btru a sn\u011b\u017een\u00ed s rizikem tvorby sn\u011bhov\u00fdch jazyk\u016f a z\u00e1v\u011bj\u00ed velmi nebezpe\u010dn\u00e1 kombinace. Nepodce\u0148ujte p\u0159edpov\u00eddanou situaci a nep\u0159ece\u0148ujte vlastn\u00ed s\u00edly, schopnosti a mo\u017enosti.&nbsp; Siln\u00fd v\u00edtr a sn\u011b\u017een\u00ed je na silnici nebezpe\u010dn\u00e1 kombinace Meteorologov\u00e9 n\u00e1s ka\u017edoro\u010dn\u011b v&nbsp;zimn\u00edm obdob\u00ed varuj\u00ed p\u0159ed kombinac\u00ed siln\u00e9ho v\u011btru a sn\u011b\u017een\u00ed s rizikem tvorby sn\u011bhov\u00fdch jazyk\u016f [&hellip;]<\/p>\n","protected":false},"author":3,"featured_media":0,"parent":16743,"menu_order":0,"comment_status":"open","ping_status":"closed","template":"","meta":{"ngg_post_thumbnail":0,"footnotes":""},"class_list":["post-21880","page","type-page","status-publish","hentry"],"_links":{"self":[{"href":"https:\/\/sdhjevicko.cz\/index.php?rest_route=\/wp\/v2\/pages\/21880","targetHints":{"allow":["GET"]}}],"collection":[{"href":"https:\/\/sdhjevicko.cz\/index.php?rest_route=\/wp\/v2\/pages"}],"about":[{"href":"https:\/\/sdhjevicko.cz\/index.php?rest_route=\/wp\/v2\/types\/page"}],"author":[{"embeddable":true,"href":"https:\/\/sdhjevicko.cz\/index.php?rest_route=\/wp\/v2\/users\/3"}],"replies":[{"embeddable":true,"href":"https:\/\/sdhjevicko.cz\/index.php?rest_route=%2Fwp%2Fv2%2Fcomments&post=21880"}],"version-history":[{"count":3,"href":"https:\/\/sdhjevicko.cz\/index.php?rest_route=\/wp\/v2\/pages\/21880\/revisions"}],"predecessor-version":[{"id":22111,"href":"https:\/\/sdhjevicko.cz\/index.php?rest_route=\/wp\/v2\/pages\/21880\/revisions\/22111"}],"up":[{"embeddable":true,"href":"https:\/\/sdhjevicko.cz\/index.php?rest_route=\/wp\/v2\/pages\/16743"}],"wp:attachment":[{"href":"https:\/\/sdhjevicko.cz\/index.php?rest_route=%2Fwp%2Fv2%2Fmedia&parent=21880"}],"curies":[{"name":"wp","href":"https:\/\/api.w.org\/{rel}","templated":true}]}}