{"id":26175,"date":"2025-02-03T13:05:25","date_gmt":"2025-02-03T12:05:25","guid":{"rendered":"https:\/\/sdhjevicko.cz\/?page_id=26175"},"modified":"2025-02-03T13:05:25","modified_gmt":"2025-02-03T12:05:25","slug":"deti-se-budou-ve-skolach-dusledne-pripravovat-na-mimoradne-udalosti-zmena-prichazi-po-20-letech","status":"publish","type":"page","link":"https:\/\/sdhjevicko.cz\/?page_id=26175","title":{"rendered":"D\u011bti se budou ve \u0161kol\u00e1ch d\u016fsledn\u011b p\u0159ipravovat na mimo\u0159\u00e1dn\u00e9 ud\u00e1losti, zm\u011bna p\u0159ich\u00e1z\u00ed po 20 letech"},"content":{"rendered":"\n<p>28. 1. 2025 (KO) &#8211; Problematika ochrany \u010dlov\u011bka za mimo\u0159\u00e1dn\u00fdch ud\u00e1lost\u00ed (O\u010cMU) bude v\u00fdznamnou sou\u010d\u00e1st\u00ed revidovan\u00fdch R\u00e1mcov\u00fdch vzd\u011bl\u00e1vac\u00edch program\u016f pro p\u0159ed\u0161koln\u00ed (RVP PV) a z\u00e1kladn\u00ed (RVP ZV) vzd\u011bl\u00e1v\u00e1n\u00ed, kter\u00e9 14. ledna 2025 p\u0159edstavilo Ministerstvo \u0161kolstv\u00ed, ml\u00e1de\u017ee a t\u011blov\u00fdchovy (M\u0160MT) spole\u010dn\u011b s N\u00e1rodn\u00edm pedagogick\u00fdm institutem (NPI). Jde o nejv\u011bt\u0161\u00ed zm\u011bnu v r\u00e1mci region\u00e1ln\u00edho \u0161kolstv\u00ed v \u010cesk\u00e9 republice od zaveden\u00ed r\u00e1mcov\u00fdch vzd\u011bl\u00e1vac\u00edch program\u016f p\u0159ed 20 lety.&nbsp;<\/p>\n\n\n\n<p>R\u00e1mcov\u00e9 vzd\u011bl\u00e1vac\u00ed programy definuj\u00ed hlavn\u00ed c\u00edle, obsah vzd\u011bl\u00e1v\u00e1n\u00ed, o\u010dek\u00e1van\u00e9 v\u00fdsledky u\u010den\u00ed a dovednosti, kter\u00e9 by m\u011bli \u017e\u00e1ci a d\u011bti v jednotliv\u00fdch stupn\u00edch vzd\u011bl\u00e1v\u00e1n\u00ed z\u00edskat. Oba dokumenty proch\u00e1zely pod veden\u00edm NPI \u00fapravami od roku 2021. P\u0159\u00edslu\u0161n\u00edci Odboru ochrany obyvatelstva a krizov\u00e9ho \u0159\u00edzen\u00ed Ministerstvo vnitra \u2013 gener\u00e1ln\u00edho \u0159editelstv\u00ed HZS \u010cR p\u016fsobili jako \u010dlenov\u00e9 a konzultanti pracovn\u00ed skupiny od po\u010d\u00e1tku zah\u00e1jen\u00ed reviz\u00ed.<\/p>\n\n\n\n<p>Do RVP se jim poda\u0159ilo ukotvit, a hlavn\u011b soust\u0159edit do jedn\u00e9 vzd\u011bl\u00e1vac\u00ed oblasti, nap\u0159\u00edklad informace o fungov\u00e1n\u00ed Integrovan\u00e9ho z\u00e1chrann\u00e9ho syst\u00e9mu nebo z\u00e1sad\u00e1ch po\u017e\u00e1rn\u00ed prevence, a tak\u00e9 v\u0161eobecnou p\u0159\u00edpravu na r\u016fzn\u00e9 mimo\u0159\u00e1dn\u00e9 ud\u00e1losti \u2013 v\u010detn\u011b rozs\u00e1hlej\u0161\u00edch p\u0159\u00edrodn\u00edch katastrof, jako byly nap\u0159\u00edklad ned\u00e1vn\u00e9 povodn\u011b.<\/p>\n\n\n\n<div class=\"wp-block-group is-nowrap is-layout-flex wp-container-core-group-is-layout-ad2f72ca wp-block-group-is-layout-flex\">\n<div class=\"wp-block-group is-nowrap is-layout-flex wp-container-core-group-is-layout-ad2f72ca wp-block-group-is-layout-flex\">\n<figure class=\"wp-block-image\"><a href=\"javascript:showImg(22433143,0,0)\"><img decoding=\"async\" src=\"https:\/\/hzscr.gov.cz\/SCRIPT\/ViewImage.aspx?physid=1392884&amp;docname=RVP%201.png\" alt=\"RVP 1.png\"\/><\/a><\/figure>\n\n\n\n<figure class=\"wp-block-image\"><a href=\"javascript:showImg(22433144,0,0)\"><img decoding=\"async\" src=\"https:\/\/hzscr.gov.cz\/SCRIPT\/ViewImage.aspx?physid=1392886&amp;docname=RVP%202.png\" alt=\"RVP 2.png\"\/><\/a><\/figure>\n<\/div>\n\n\n\n<figure class=\"wp-block-image\"><a href=\"javascript:showImg(22433145,0,0)\"><img decoding=\"async\" src=\"https:\/\/hzscr.gov.cz\/SCRIPT\/ViewImage.aspx?physid=1392888&amp;docname=RVP%203.png\" alt=\"RVP 3.png\"\/><\/a><\/figure>\n<\/div>\n\n\n\n<p><em>\u201eU\u010dit d\u011bti, jak p\u0159edch\u00e1zet nebezpe\u010d\u00ed a jak se chovat b\u011bhem mimo\u0159\u00e1dn\u00fdch ud\u00e1lost\u00ed, pova\u017eujeme za nesm\u00edrn\u011b d\u016fle\u017eit\u00e9. Jsou to znalosti a dovednosti, kter\u00e9 si d\u011bti s&nbsp;sebou ponesou a\u017e do dosp\u011blosti a m\u016f\u017eou se v\u017edy ne\u010dekan\u011b dostat do situace, kdy je budou pot\u0159ebovat. Jsme proto velice r\u00e1di a pova\u017eujeme za spr\u00e1vn\u00fd krok, \u017ee se povedlo problematiku ochrany \u010dlov\u011bka za mimo\u0159\u00e1dn\u00fdch ud\u00e1lost\u00ed (O\u010cMU) do RVP takto ukotvit,\u201c<\/em>&nbsp;\u0159ekl brig. gen. Ing. Daniel Mikl\u00f3s MPA, n\u00e1m\u011bstek gener\u00e1ln\u00edho \u0159editele HZS \u010cR pro prevenci a civiln\u00ed nouzovou p\u0159ipravenost.<\/p>\n\n\n\n<p>St\u00e1vaj\u00edc\u00ed RVP \u010d\u00e1sti problematiky O\u010cMU obsahuj\u00ed, informace jsou ale rozprost\u0159en\u00e9 do mnoha vzd\u011bl\u00e1vac\u00edch oblast\u00ed, neu\u010d\u00ed se ucelen\u011b a ve vz\u00e1jemn\u00e9m kontextu a je proto obt\u00ed\u017en\u00e9 z\u00edskat k&nbsp;posouzen\u00ed efektivity takto veden\u00e9 v\u00fduky jak\u00e1koli data. To se nyn\u00ed v\u00fdrazn\u011b zm\u011bn\u00ed; ochrana \u010dlov\u011bka za mimo\u0159\u00e1dn\u00fdch ud\u00e1lost\u00ed bude pro p\u0159ed\u0161koln\u00ed v\u00fduku, prvn\u00ed stupe\u0148 i druh\u00fd stupe\u0148 soust\u0159ed\u011bna v\u017edy do jedin\u00e9 vzd\u011bl\u00e1vac\u00ed oblasti, viz. tabulka n\u00ed\u017ee.<\/p>\n\n\n\n<p>V\u00fduku podle nov\u011b upraven\u00fdch RVP m\u016f\u017eou \u0161koly dobrovoln\u011b zah\u00e1jit u\u017e v&nbsp;z\u00e1\u0159\u00ed 2025, a to v&nbsp;1.-6. ro\u010dn\u00edku. Od \u0161koln\u00edho roku 2027\/2028 bude v\u00fduka podle revidovan\u00e9ho RVP ZV povinn\u00e1 minim\u00e1ln\u011b v 1. a 6. ro\u010dn\u00edku a od \u0161koln\u00edho roku 2031\/32 bude povinnost vzd\u011bl\u00e1v\u00e1n\u00ed podle nov\u00fdch RVP pro v\u0161echny ro\u010dn\u00edky.<\/p>\n\n\n\n<p><strong>V\u00edce informac\u00ed k&nbsp;RVP a tak\u00e9 metodickou podporu k&nbsp;o\u010dek\u00e1van\u00fdm v\u00fdsledk\u016fm u\u010den\u00ed spolu se vzorov\u00fdmi \u00falohami naleznete na&nbsp;<\/strong><a href=\"https:\/\/rvp.cz\/\"><strong>RVP.cz<\/strong><\/a><strong>.<\/strong><\/p>\n\n\n\n<p><strong>V\u00edce informac\u00ed k\u00a0v\u00fduce O\u010cMU na \u0161kol\u00e1ch naleznete na\u00a0<\/strong>\u00a0<a href=\"https:\/\/www.ocmu.cz\/\"><strong>ocmu.cz<\/strong><\/a><br><\/p>\n\n\n\n<p><strong>MgA. Kl\u00e1ra Ochmanov\u00e1<br>tiskov\u00e1 mluv\u010d\u00ed<\/strong><br>MV \u2013 gener\u00e1ln\u00ed \u0159editelstv\u00ed HZS \u010cR<br>Mobil: 775\u00a0474 763<br>e-mail: grh.media@hzscr.cz<\/p>\n\n\n\n<figure class=\"wp-block-image\"><img decoding=\"async\" src=\"https:\/\/hzscr.gov.cz\/SCRIPT\/ViewImage.aspx?physid=1392880&amp;docname=Tabulka%20do%20textu.jpg\" alt=\"Tabulka do textu.jpg\"\/><\/figure>\n","protected":false},"excerpt":{"rendered":"<p>28. 1. 2025 (KO) &#8211; Problematika ochrany \u010dlov\u011bka za mimo\u0159\u00e1dn\u00fdch ud\u00e1lost\u00ed (O\u010cMU) bude v\u00fdznamnou sou\u010d\u00e1st\u00ed revidovan\u00fdch R\u00e1mcov\u00fdch vzd\u011bl\u00e1vac\u00edch program\u016f pro p\u0159ed\u0161koln\u00ed (RVP PV) a z\u00e1kladn\u00ed (RVP ZV) vzd\u011bl\u00e1v\u00e1n\u00ed, kter\u00e9 14. ledna 2025 p\u0159edstavilo Ministerstvo \u0161kolstv\u00ed, ml\u00e1de\u017ee a t\u011blov\u00fdchovy (M\u0160MT) spole\u010dn\u011b s N\u00e1rodn\u00edm pedagogick\u00fdm institutem (NPI). Jde o nejv\u011bt\u0161\u00ed zm\u011bnu v r\u00e1mci region\u00e1ln\u00edho \u0161kolstv\u00ed v \u010cesk\u00e9 [&hellip;]<\/p>\n","protected":false},"author":3,"featured_media":26176,"parent":0,"menu_order":0,"comment_status":"closed","ping_status":"closed","template":"","meta":{"ngg_post_thumbnail":0,"footnotes":""},"class_list":["post-26175","page","type-page","status-publish","has-post-thumbnail","hentry"],"_links":{"self":[{"href":"https:\/\/sdhjevicko.cz\/index.php?rest_route=\/wp\/v2\/pages\/26175","targetHints":{"allow":["GET"]}}],"collection":[{"href":"https:\/\/sdhjevicko.cz\/index.php?rest_route=\/wp\/v2\/pages"}],"about":[{"href":"https:\/\/sdhjevicko.cz\/index.php?rest_route=\/wp\/v2\/types\/page"}],"author":[{"embeddable":true,"href":"https:\/\/sdhjevicko.cz\/index.php?rest_route=\/wp\/v2\/users\/3"}],"replies":[{"embeddable":true,"href":"https:\/\/sdhjevicko.cz\/index.php?rest_route=%2Fwp%2Fv2%2Fcomments&post=26175"}],"version-history":[{"count":1,"href":"https:\/\/sdhjevicko.cz\/index.php?rest_route=\/wp\/v2\/pages\/26175\/revisions"}],"predecessor-version":[{"id":26177,"href":"https:\/\/sdhjevicko.cz\/index.php?rest_route=\/wp\/v2\/pages\/26175\/revisions\/26177"}],"wp:featuredmedia":[{"embeddable":true,"href":"https:\/\/sdhjevicko.cz\/index.php?rest_route=\/wp\/v2\/media\/26176"}],"wp:attachment":[{"href":"https:\/\/sdhjevicko.cz\/index.php?rest_route=%2Fwp%2Fv2%2Fmedia&parent=26175"}],"curies":[{"name":"wp","href":"https:\/\/api.w.org\/{rel}","templated":true}]}}

Děti se budou ve školách důsledně připravovat na mimořádné události, změna přichází po 20 letech

<p>28. 1. 2025 (KO) &#8211; Problematika ochrany člověka za mimořádných událostí (OČMU) bude významnou součástí revidovaných Rámcových vzdělávacích programů pro předškolní (RVP PV) a základní (RVP ZV) vzdělávání, které 14. ledna 2025 představilo Ministerstvo školství, mládeže a tělovýchovy (MŠMT) společně s Národním pedagogickým institutem (NPI). Jde o největší změnu v rámci regionálního školství v České republice od zavedení rámcových vzdělávacích programů před 20 lety.&nbsp;</p>



<p>Rámcové vzdělávací programy definují hlavní cíle, obsah vzdělávání, očekávané výsledky učení a dovednosti, které by měli žáci a děti v jednotlivých stupních vzdělávání získat. Oba dokumenty procházely pod vedením NPI úpravami od roku 2021. Příslušníci Odboru ochrany obyvatelstva a krizového řízení Ministerstvo vnitra – generálního ředitelství HZS ČR působili jako členové a konzultanti pracovní skupiny od počátku zahájení revizí.</p>



<p>Do RVP se jim podařilo ukotvit, a hlavně soustředit do jedné vzdělávací oblasti, například informace o fungování Integrovaného záchranného systému nebo zásadách požární prevence, a také všeobecnou přípravu na různé mimořádné události – včetně rozsáhlejších přírodních katastrof, jako byly například nedávné povodně.</p>



<div class="wp-block-group is-nowrap is-layout-flex wp-container-core-group-is-layout-ad2f72ca wp-block-group-is-layout-flex">
<div class="wp-block-group is-nowrap is-layout-flex wp-container-core-group-is-layout-ad2f72ca wp-block-group-is-layout-flex">
<figure class="wp-block-image"><a href="javascript:showImg(22433143,0,0)"><img decoding="async" src="https://hzscr.gov.cz/SCRIPT/ViewImage.aspx?physid=1392884&amp;docname=RVP%201.png" alt="RVP 1.png"/></a></figure>



<figure class="wp-block-image"><a href="javascript:showImg(22433144,0,0)"><img decoding="async" src="https://hzscr.gov.cz/SCRIPT/ViewImage.aspx?physid=1392886&amp;docname=RVP%202.png" alt="RVP 2.png"/></a></figure>
</div>



<figure class="wp-block-image"><a href="javascript:showImg(22433145,0,0)"><img decoding="async" src="https://hzscr.gov.cz/SCRIPT/ViewImage.aspx?physid=1392888&amp;docname=RVP%203.png" alt="RVP 3.png"/></a></figure>
</div>



<p><em>„Učit děti, jak předcházet nebezpečí a jak se chovat během mimořádných událostí, považujeme za nesmírně důležité. Jsou to znalosti a dovednosti, které si děti s&nbsp;sebou ponesou až do dospělosti a můžou se vždy nečekaně dostat do situace, kdy je budou potřebovat. Jsme proto velice rádi a považujeme za správný krok, že se povedlo problematiku ochrany člověka za mimořádných událostí (OČMU) do RVP takto ukotvit,“</em>&nbsp;řekl brig. gen. Ing. Daniel Miklós MPA, náměstek generálního ředitele HZS ČR pro prevenci a civilní nouzovou připravenost.</p>



<p>Stávající RVP části problematiky OČMU obsahují, informace jsou ale rozprostřené do mnoha vzdělávacích oblastí, neučí se uceleně a ve vzájemném kontextu a je proto obtížné získat k&nbsp;posouzení efektivity takto vedené výuky jakákoli data. To se nyní výrazně změní; ochrana člověka za mimořádných událostí bude pro předškolní výuku, první stupeň i druhý stupeň soustředěna vždy do jediné vzdělávací oblasti, viz. tabulka níže.</p>



<p>Výuku podle nově upravených RVP můžou školy dobrovolně zahájit už v&nbsp;září 2025, a to v&nbsp;1.-6. ročníku. Od školního roku 2027/2028 bude výuka podle revidovaného RVP ZV povinná minimálně v 1. a 6. ročníku a od školního roku 2031/32 bude povinnost vzdělávání podle nových RVP pro všechny ročníky.</p>



<p><strong>Více informací k&nbsp;RVP a také metodickou podporu k&nbsp;očekávaným výsledkům učení spolu se vzorovými úlohami naleznete na&nbsp;</strong><a href="https://rvp.cz/"><strong>RVP.cz</strong></a><strong>.</strong></p>



<p><strong>Více informací k výuce OČMU na školách naleznete na </strong> <a href="https://www.ocmu.cz/"><strong>ocmu.cz</strong></a><br></p>



<p><strong>MgA. Klára Ochmanová<br>tisková mluvčí</strong><br>MV – generální ředitelství HZS ČR<br>Mobil: 775 474 763<br>e-mail: grh.media@hzscr.cz</p>



<figure class="wp-block-image"><img decoding="async" src="https://hzscr.gov.cz/SCRIPT/ViewImage.aspx?physid=1392880&amp;docname=Tabulka%20do%20textu.jpg" alt="Tabulka do textu.jpg"/></figure>

<p>28. 1. 2025 (KO) &#8211; Problematika ochrany člověka za mimořádných událostí (OČMU) bude významnou součástí revidovaných Rámcových vzdělávacích programů pro předškolní (RVP PV) a základní (RVP ZV) vzdělávání, které 14. ledna 2025 představilo Ministerstvo školství, mládeže a tělovýchovy (MŠMT) společně s Národním pedagogickým institutem (NPI). Jde o největší změnu v rámci regionálního školství v České [&hellip;]</p>
