{"id":90,"date":"2015-11-02T16:07:41","date_gmt":"2015-11-02T16:07:41","guid":{"rendered":"http:\/\/sdhjevicko.cz\/?page_id=90"},"modified":"2016-01-09T13:04:10","modified_gmt":"2016-01-09T12:04:10","slug":"mladi-hasici","status":"publish","type":"page","link":"https:\/\/sdhjevicko.cz\/?page_id=90","title":{"rendered":"Mlad\u00ed hasi\u010di"},"content":{"rendered":"<p>Kolektiv mlad\u00fdch hasi\u010d\u016f m\u00e1 31 \u010dlen\u016f<\/p>\n","protected":false},"excerpt":{"rendered":"<p>Kolektiv mlad\u00fdch hasi\u010d\u016f m\u00e1 31 \u010dlen\u016f<\/p>\n","protected":false},"author":1,"featured_media":0,"parent":0,"menu_order":0,"comment_status":"open","ping_status":"open","template":"mladezTemp.php","meta":{"ngg_post_thumbnail":0,"footnotes":""},"class_list":["post-90","page","type-page","status-publish","hentry"],"_links":{"self":[{"href":"https:\/\/sdhjevicko.cz\/index.php?rest_route=\/wp\/v2\/pages\/90","targetHints":{"allow":["GET"]}}],"collection":[{"href":"https:\/\/sdhjevicko.cz\/index.php?rest_route=\/wp\/v2\/pages"}],"about":[{"href":"https:\/\/sdhjevicko.cz\/index.php?rest_route=\/wp\/v2\/types\/page"}],"author":[{"embeddable":true,"href":"https:\/\/sdhjevicko.cz\/index.php?rest_route=\/wp\/v2\/users\/1"}],"replies":[{"embeddable":true,"href":"https:\/\/sdhjevicko.cz\/index.php?rest_route=%2Fwp%2Fv2%2Fcomments&post=90"}],"version-history":[{"count":4,"href":"https:\/\/sdhjevicko.cz\/index.php?rest_route=\/wp\/v2\/pages\/90\/revisions"}],"predecessor-version":[{"id":19927,"href":"https:\/\/sdhjevicko.cz\/index.php?rest_route=\/wp\/v2\/pages\/90\/revisions\/19927"}],"wp:attachment":[{"href":"https:\/\/sdhjevicko.cz\/index.php?rest_route=%2Fwp%2Fv2%2Fmedia&parent=90"}],"curies":[{"name":"wp","href":"https:\/\/api.w.org\/{rel}","templated":true}]}}